
Let v(s) = -21 - 82*s**3 + 34*s**3 - 11*s**2 + 47*s**3 + 61 - 14*s. What is v(-9)?
4
Let c = -1759 - -1784. Let p(j) = 3*j - 57. What is p(c)?
18
Let n(m) = -m + 21. Let c(s) = -16*s - 85. Let z(g) = -c(g) - 4*n(g). Give z(-5).
-99
Let d(f) = 4 - 1589*f + 1584*f - 4 - 6. Calculate d(5).
-31
Let k be (-6 + 54/12 + (-4)/(-24))*-6. Let r(q) = -2*q**2 + 14*q + 15. Determine r(k).
-1
Let i(u) = u**2 - 5*u - 15. Let x = -252 + 250. Let j be i(x). Let c(a) = -10*a**3 - 2*a**2 - 2*a - 1. What is c(j)?
9
Let h be 33/39 + (-8)/(-52). Let p(x) = 101*x**3 - 77*x**2 - 27*x + 11. Let m(z) = 20*z**3 - 14*z**2 - 5*z + 2. Let k(w) = 11*m(w) - 2*p(w). Calculate k(h).
17
Let c(b) = -2*b**2 + 5*b**3 - 4*b**3 - 30 + 31 + b. Suppose -7 = 3*j - h, 4*j + 2*h = 1 + 3. Let r be (-2)/(-4)*(j - -5). Give c(r).
3
Let j(t) = -21*t**2 - t - 3. Let q(v) = -117*v**2 - 5*v - 16. Let s(b) = -11*j(b) + 2*q(b). Give s(2).
-9
Let j(x) = -2*x**2 + 21*x + 103. Let u(k) = 3*k**2 - 21*k - 104. Let m(q) = -4*j(q) - 3*u(q). Give m(-8).
4
Let u(a) = 25*a**2 - 24*a + 140. Let d(n) = -71*n**2 + 73*n - 418. Let p(j) = 6*d(j) + 17*u(j). Determine p(25).
-3
Let j = -182 - -185. Suppose -4*f = j*f - 35. Let l(x) be the first derivative of x**4/4 - 2*x**3 + 3*x**2/2 + 3*x + 2. What is l(f)?
-7
Let f(w) be the second derivative of w**5/20 - 3*w**4/4 - w**3/2 - 4*w**2 + 3445*w. Give f(9).
-35
Let k(l) = l**2 - 9*l - 8. Let z = 842 - 503. Let v = z - 330. Calculate k(v).
-8
Let f(x) = -11*x**3 - x**2 - 17. Let d(t) = -7*t**3 - t**2 - 12. Let w = -688 + 681. Let m(y) = w*d(y) + 5*f(y). Suppose 5*l + 5 = -0. Give m(l).
7
Let l = -4442 - -4450. Let p(t) = 2*t + 11. What is p(l)?
27
Let u(w) = w**3 - 2*w**2 - 5. Let x(y) = 5*y**3 + 3*y**2 + 17*y - 23. Let o(s) = 6*u(s) - x(s). What is o(16)?
-23
Let j = -2 - -3. Let v(o) be the second derivative of o**4/6 - 304*o + 5. Give v(j).
2
Let r(a) = -a**2 + a + 2. Let m be r(0). Let w(g) = 2*g**3 + 4*g**m + 3*g - 3*g - 5*g**2. Let i(f) = -2*f**2 - 88*f + 1625. Let o be i(-58). Determine w(o).
1
Let m(n) = -n**3 + 4*n**2 + 2*n - 5. Suppose 7*q - q - 18 = 0. Suppose -q*o - 20 = -8*o. Let c be m(o). Let w(g) = -6*g + 4. What is w(c)?
-14
Let b(s) = 5*s**2 + 3*s + 1. Let j(h) = -h**2 - 1. Let c(g) = -b(g) - 4*j(g). Let p be c(-6). Let l = p - -15. Let f(o) = o**3 - o**2 - o - 17. What is f(l)?
-17
Let b(i) = -32*i - 1094. Let w be b(-34). Let t(f) = -f**3 - 6*f**2 + 4*f + 27. Calculate t(w).
3
Let s = -48 + 36. Let t(i) = -3*i**2 - i - 1. Let b(z) = -z**3 + 7*z**2 + 15*z - 9. Let a(v) = b(v) + 6*t(v). Calculate a(s).
21
Let t(c) = 2539*c - 35 - 2538*c - 1. What is t(23)?
-13
Let v(j) = 38*j**2 - 10*j**2 - 14*j**2 - 21*j**2 - 5 + 3*j**3 - 2*j**3. Give v(7).
-5
Let j be ((-6)/14)/(6606/(-252) - -26). Let n(t) = -t**3 + 24*t - 22*t - t**2 - 3*t**2 + 1. Give n(j).
-19
Let a(p) = -10*p + 15. Let k be a(2). Let z(j) = 1. Let t(y) = 4. Let s(m) = k*z(m) + t(m). Let r(x) = -x - 6. Let o(c) = -2*r(c) + 11*s(c). Give o(-5).
-9
Let r(h) = -2632 + 7889 + h - 2634 - 2629. Suppose 5*c - 2*u - 1 = 34, -5*u + 21 = 3*c. Determine r(c).
1
Let y(d) = -6 - 1053*d + 396*d + 324*d + 322*d - d**2. Let c be -3*(-1 - (-26)/6). What is y(c)?
4
Let i(c) = -5*c**2 + 23*c + 7. Suppose 5*h = 2*q - 8, -5*q + 20 + 0 = 5*h. Let z(x) = 3*x**2 - 12*x - 3. Let m(w) = q*i(w) + 7*z(w). Determine m(-5).
-8
Let d(p) = -5*p - 3. Let m = 239 - 239. Suppose 0*f - f - 3 = m. What is d(f)?
12
Let q(s) be the first derivative of -s**4/4 + 13*s**3/3 - 15*s**2/2 + 19*s - 216. What is q(12)?
-17
Let v(l) = l + 42. Let b be v(-22). Suppose 12 = -j + 4*c, 8*c = 3*c + b. Let t(p) = p**3 - 5*p**2 + 3*p + 7. What is t(j)?
3
Let h(z) = 6*z + 8. Let x(a) = -5*a - 7. Let s(p) = 4*h(p) + 5*x(p). Let m(f) = 18*f**2 + 5*f + 1. Let j be m(-2). Let r = j + -63. Calculate s(r).
-3
Let z(f) be the second derivative of f**5/20 + 5*f**4/6 - f**3 - 10*f**2 + 2*f + 56. Give z(-10).
40
Let d(w) = -w**3 - 6*w**2 - 2*w - 2. Let j = -121 - -128. Suppose -r = j*r - 24. Let c be r/(-6)*(-10)/(-1). Give d(c).
-17
Let v(h) = 4*h + h - 18 + 4*h + 15. Let x be (-2)/(-5) + 684/190 - 8. Determine v(x).
-39
Let y(p) = -12968*p**2 + 2*p + 6478*p**2 + 6489*p**2 + 21. What is y(5)?
6
Let a(p) be the first derivative of p**3 - 3*p**2/2 + 26. Suppose 13*l = 23*l - 30. Give a(l).
18
Let u(q) = -3*q - 14. Let b = -60 + 122. Suppose 14 = 8*x + b. Calculate u(x).
4
Let o be ((-5)/(-2))/((-2)/4). Let f(y) = y**2 - 10*y - 5. Suppose 22*q - 78 = -100. Let m(b) = b. Let u(z) = o*m(z) + q*f(z). What is u(6)?
-1
Let v = 14 + -1. Let n(i) = -5*i**2 + v*i**2 - 12*i + i**3 - 8 + 16*i. Let y(a) = a**3 - 7*a**2 - 7. Let u be y(7). Calculate n(u).
13
Let n be -7 + 3 + (-4 - 0). Let t be (36/n)/((-3)/2). Let s(b) = 8*b - 4 - 10*b - 6 + t. Determine s(-6).
5
Let p be 11 + 7*8/(-28). Let s(r) be the first derivative of -r + p + 1/2*r**2. Determine s(-3).
-4
Suppose 0 = -2*c - 4, 2*c + 10 = -d + 4*d. Let u(r) = -72 + 84 + 2*r**2 + 9*r**2 - 9*r - 10*r**d. Let n be ((-2)/(-5))/(1/20). Determine u(n).
4
Let q be ((-3)/(-15))/(42/(-210)). Let y(d) = 19*d + 23. Give y(q).
4
Let c(k) = -7 - 1 - k + 9. Let b be (-141)/21 - (-2)/(-7). Let a be (b - (4 + -1))/2. Determine c(a).
6
Let u(h) be the second derivative of h**3 - 38*h**2 + 33*h - 13. Calculate u(11).
-10
Let c(v) = -20*v + 19. Let s(y) = 11*y - 10. Let t be 162/(-15) - (-1)/(-5 + 0). Let n(x) = t*s(x) - 6*c(x). What is n(-10)?
6
Let f(y) = 0*y - y - 7*y. Let i(c) = c**3 + 14*c**2 + 24*c + 2. Let x be i(-2). Suppose -4*p = 4, 9 - 10 = -x*h + 3*p. Give f(h).
8
Let c(w) = -w**3 + 6*w**2 - w. Let m(h) be the third derivative of h**4/4 + 41*h**3/2 - 132*h**2. Let k be m(-20). Give c(k).
24
Let r(t) = -t**3 - 6*t + 2. Let o be r(0). Let v(c) = 4 - 3 + 2 + 7*c**2 - c**3 + o. What is v(7)?
5
Let b(i) be the second derivative of -i**5/40 - 7*i**4/24 + 4*i**3 + 27*i. Let l(r) be the second derivative of b(r). Let a = -13 + 8. What is l(a)?
8
Let n(h) be the second derivative of -h**5/20 + h**4/6 - h**3/2 + 3*h**2/2 - h - 678. Suppose 128 + 16 = -4*k. Let u be (-80)/(-36) - (-8)/k. What is n(u)?
-3
Let r = -13812 + 13803. Let i(p) = -4*p + 9 - p**2 - p + 9*p**2 - 6*p + p**3. Determine i(r).
27
Let g(t) = 11*t**2 - 175*t + 14. Let q(d) = 27*d**2 - 442*d + 30. Let u(z) = -5*g(z) + 2*q(z). Suppose 2 - 26 = 3*h. Calculate u(h).
-2
Let h(y) = y**3 + 884 + 825 - 1797 + 30*y**2 + 26*y. Determine h(-29).
-1
Suppose 11 - 63 = -13*h. Suppose 0 = 3*a - 8*a - 40. Let i = h + a. Let f(q) = -q - 5. Calculate f(i).
-1
Let l = -50 + 92. Suppose -46 + l = 2*y. Let n(v) be the first derivative of -v**4/4 - 4*v**3/3 - v**2 - 6. Determine n(y).
-4
Let j(i) = -39*i**2 - 195*i - 2. Let y be j(-5). Let b(h) = -31*h**2 + 3. Give b(y).
-121
Let t(m) = 79*m**3 - 3*m**2 - 28*m - 2. Let d(o) = o**3 - o**2 - 9*o - 1. Let k(f) = 3*d(f) - t(f). What is k(1)?
-76
Let q be 1/(6/(-4))*-3. Let u(z) = z - 4*z**2 - z**q + 6*z**2 - 12. Let j(m) = -4*m**2 - 430*m + 4956. Let t be j(-118). Determine u(t).
-12
Let a(p) = p**3 - 6*p**2 - 3*p + 5. Let b(n) = n**3 - 6*n**2 - 4*n + 6. Let t(l) = -3*a(l) + 4*b(l). Let q = -17 + 16. Let x be (7/5)/(q/(-5)). Calculate t(x).
9
Let r(x) = x**2 + 9*x + 8. Let g(j) = j**3 - 4*j**2 - 9*j + 38. Let i be g(4). Suppose o + i*d = -7, -5*d + 11 + 3 = -2*o. Give r(o).
-6
Let a = 494 + -492. Suppose a*s - 10 + 7 = -3*w, -12 = -4*s. Let j(l) be the third derivative of -l**4/12 - l**3/6 - l**2. Give j(w).
1
Let o(z) be the second derivative of 32*z - 3 - 1/20*z**5 - 1/2*z**2 + 7/6*z**3 - 2/3*z**4. Give o(-9).
17
Let a(q) = -6*q**2 + q + 4. Let b(k) = -12*k**2 + 3*k + 6. Let p(s) = 5*a(s) - 3*b(s). Calculate p(1).
4
Let i be 42/4*(-84)/49. Let w = -16 - i. Let c(g) = g**w + 1 + g - 1 - 13*g**2. Give c(-1).
-13
Suppose 1029*l - v = 1027*l - 2, 0 = -3*l + 2*v + 1. Let a(x) = -x**3 - 4*x**2 + 2*x - 1. Give a(l).
14
Let w(s) = -s**3 - 5*s**2 + 8*s + 7. Let c = 580 - 586. Give w(c).
-5
Suppose z - 4 = -9. Let d(u) = 4*u**3 + 24*u**2 + u + 6. Let l(n) = n**3 + 6*n**2 + 2. Let i(x) = -3*d(x) + 11*l(x). Give i(z).
-6
Let w(q) = -q**3 + 11*q**2 - 2*q - 17. Let l be (-276)/(-46) - 5*(2 + -3). Give w(l).
-39
Let k be 153/(-21) - (-794)/2779. Let o(r) be the first derivative of 4*r + 2 - 1/2*r**2. Give o(k).
11
Let o(s) = 0*s**2 - s**3 + 0*s**3